-r - 4*f = -19. What is the units digit of r?
1
Suppose -2*q + 2*y = -22, 2*q - y + 2 = 23. Suppose 0*g = -g + q. What is the tens digit of g?
1
Let u = 25 - 15. Let h be (0/(-2))/(4/2). Suppose s + 0*s - u = h. What is the units digit of s?
0
Let w(u) = -u + 18. Let z be w(8). Suppose -3*x = -2*d + 4*d - 10, -2*d - 4*x = -z. Suppose 5 = -0*o + d*o. What is the units digit of o?
1
Let x(q) = q**2 + q - 5. What is the tens digit of x(-6)?
2
Suppose -15 + 0 = -5*q. Suppose -16 = -t + q. What is the units digit of t?
9
Let x(m) = -10*m**3 + m**2 + m. Suppose -4*r + 2*r - 2 = 0. What is the units digit of x(r)?
0
Let i(k) = -k**3 - k**2 + 5*k + 1. Let z = -10 - -6. What is the tens digit of i(z)?
2
Suppose 5*n + z - 10 = 0, 2*n - 4*z = -3*z + 11. Let g = 4 + n. Let y = g - 5. What is the units digit of y?
2
Let i(v) = -v**2 + 23*v + 6. What is the hundreds digit of i(10)?
1
Let p(l) = l**3 + 2*l**2. Let r be p(-2). Suppose r = 5*o - 4*h + 2*h - 90, 4*h + 80 = 5*o. What is the units digit of o?
0
Suppose 4 + 0 = 2*s. Suppose 0 = -2*v - 5*k - 0 + 1, -s*v + 4*k - 26 = 0. Let c(b) = -b + 3. What is the units digit of c(v)?
0
Let p(d) = d**3 + 6*d**2 - 7*d - 9. What is the units digit of p(-6)?
3
What is the units digit of -2*(0 + -2 + -14)?
2
Let s be -1 + (3 - 0) - -2. What is the tens digit of ((-4)/s)/(1/(-18))?
1
Let l(h) = 194*h**2 - 7*h + 7. What is the hundreds digit of l(1)?
1
Suppose -3*t = -4*t + 191. What is the tens digit of t?
9
Let z(i) = 3*i**2 - i**3 + 3*i - 3*i**2 + 4*i**2 + i**2. What is the tens digit of z(5)?
1
Suppose 3 = -4*l + 5*l. Suppose -l*g = -8*g + 5. What is the units digit of g - -1 - (-7)/(-7)?
1
Suppose 0 = 5*h + 4*d - d - 4, 5*d = -10. What is the units digit of h?
2
Suppose -g + 2*g + 21 = -5*j, -2*g = -j - 2. Let i = g - -4. What is the units digit of i?
3
Suppose -5*t + 1417 = 2. Suppose -28 + t = 3*o. What is the tens digit of (-2)/(-1) + o/5?
1
Let y = -365 - -582. What is the hundreds digit of y?
2
Let d = -336 + 495. What is the units digit of d?
9
Let z be ((-3)/(-4))/((-2)/(-48)). Let p = z - 7. Suppose 0 = 3*i - 7*i - l + 17, p = -3*i + 4*l. What is the units digit of i?
3
Let a be 10/(-1)*(-15)/6. What is the units digit of (-2)/5 + 85/a?
3
Suppose -59 = -4*a + 9. Suppose 0 = -4*l - a - 15. Let s = l + 19. What is the tens digit of s?
1
Let p = -5 - -9. Let n = p + -13. What is the units digit of (0 - 4)*n/6?
6
Let g(p) = p**3 + 10*p**2 + 2*p - 17. What is the units digit of g(-9)?
6
What is the hundreds digit of 1761/7 - 27/126*-2?
2
Let a = 152 + -146. What is the units digit of a?
6
Let n = 21 + -5. Suppose 0 = -4*x - 0*j - 4*j + n, 0 = -x - 4*j + 10. What is the units digit of x?
2
Suppose 4*h - 2 - 2 = 0. What is the tens digit of ((-4)/(-12))/(h/39)?
1
Let m(z) = 2*z**2 - 3*z - 17. What is the units digit of m(7)?
0
Let c = 123 + 147. What is the tens digit of c?
7
What is the units digit of ((-10)/(-8))/((-3)/(-12))?
5
Suppose 3*d + 2*m = 42, 13 + 15 = 2*d - 5*m. Let k = 40 - d. What is the tens digit of k?
2
Let p = -11 + 103. What is the units digit of p?
2
Let i(o) = 7*o - 9. Let x(y) = -11*y + 13. Let u(c) = 8*i(c) + 5*x(c). Let l be u(6). What is the units digit of (l - 0)/(2/(-22))?
1
Let z(s) = -2*s**2 - 8 + 0*s**2 + s**3 + 9*s**2 - 3 + s. What is the units digit of z(-6)?
9
Let b(g) = g + 1. Let y be b(4). Suppose 5*i + 21 = 2*m, 9 = 3*m - y*m - 5*i. What is the units digit of m?
3
Let h(j) be the third derivative of j**5/60 - 5*j**4/24 - 2*j**3/3 + 2*j**2. What is the units digit of h(9)?
2
Let j be (-6)/4*(-72)/27. Let d(r) = -r**2 + 6*r - 3. What is the units digit of d(j)?
5
Let o(x) = 30*x**2 - 2*x - 1. Let q be o(-1). Let v = q + -22. What is the units digit of 11/v - (-2)/(-9)?
1
Let d = 2 + 10. What is the units digit of d?
2
Suppose 4*l - 244 = 5*r, r = -3*l + 104 + 60. What is the units digit of l?
6
Let g(c) = -c**2 + 2*c - 2. Let z be g(2). Let w be 1/z + 36/8. Suppose 5*p - 3*d = 46, -50 = -5*p + d + w*d. What is the units digit of p?
8
Let g = -5 - -4. Let l = -1 - g. Suppose 0 = -l*s + 4*s - 44. What is the units digit of s?
1
Let y be ((-18)/(-7))/((-15)/(-140)). Let d = y - 17. What is the units digit of d?
7
Suppose -3*p + 3*t = 21, 3*p - 2*t + 18 = -2. Let y be (-4)/(-6) - 2/p. What is the units digit of y + 0/(-1 - 1)?
1
Let i be -2 - (-2)/(-3)*-6. Suppose -i*s - 3 + 9 = 0, 114 = 3*c + 4*s. What is the units digit of c?
4
Let q(p) = -4 + 4*p - 3*p + 6. Let v(y) = -2*y - 12. Let r be v(-9). What is the units digit of q(r)?
8
Let v(p) = p**2 - p - 2. Let r be v(2). Let t = r - 9. What is the units digit of -14*(1 + t/6)?
7
Suppose u - 280 = -4*u. What is the units digit of u?
6
Suppose 6*z - 1378 = -172. What is the tens digit of z?
0
Let w = 18 + -12. Suppose 2*k - w - 2 = 0. Suppose 0 = k*y + 5*p, 7*y - p - 19 = 4*y. What is the units digit of y?
5
Let u(m) = -m. Let o be u(-3). Suppose 5*s = o*x - 19, 3*s - 5*s - 8 = -x. What is the tens digit of 1 + x + 33/3?
1
Suppose -117 = -d - 2*d. Suppose -u + 2*t + 25 = -2*t, -2*u - 3*t + d = 0. What is the tens digit of u?
2
Suppose 80 = 2*m + 3*m. What is the tens digit of m?
1
Let b(q) = -q**3 + q**2 + q. Let x be b(-1). Suppose 3*r - r = -5*g - 3, 0 = -2*r - g + x. What is the units digit of r?
1
Suppose -8 + 26 = -3*n. Let p = -8 + 11. What is the units digit of 12/(-27)*p*n?
8
Suppose -3*o = -223 + 79. What is the tens digit of o?
4
Suppose -3*o + 8 = -o. Let i(k) = -k**3 + 5*k**2 - 2*k + 1. Let j be i(o). Let n = -5 + j. What is the units digit of n?
4
Let p be 141*2*2/12. Let w = p + -15. What is the units digit of w?
2
Suppose -26 = -r + 3*r. Let s be (r - 2)*(-4)/12. What is the units digit of 23/s - (-2)/5?
5
Suppose -476 = -3*j + 2*s, 2*j - 640 = -2*j + 4*s. What is the tens digit of j?
5
Let t(l) = -3 + 0*l + 5*l**2 + 9*l**3 - 10*l**3 - 3*l. What is the units digit of t(3)?
6
Let j(a) = a**3 + 8*a**2 + 7*a + 8. Let v = 36 - -66. Let w be v/(-14) - (-6)/21. What is the units digit of j(w)?
8
Let t be 9/(-6) - (-6)/4. Let n = 0 - t. Suppose 3*a - 23 - 4 = n. What is the units digit of a?
9
Let f = -9 + 18. Let w be -3*(1 + (-60)/f). What is the tens digit of -5 + (-6)/(-2) + w?
1
Let o = 71 + -22. What is the units digit of o?
9
Suppose 0 = 4*p + 3*y - 82, y - 54 = -2*p + 6*y. Let c = p + -7. What is the tens digit of c?
1
Let h(f) = 2*f**2 + 3*f - 4. Let n be h(-6). Suppose 6*y - 4*y = n. What is the tens digit of y?
2
Let d = 6 + -2. Let y = -37 - -42. Suppose -4*u + 11 = d*j + 3, 2*u + 45 = y*j. What is the units digit of j?
7
Let r(a) = 6*a - 82. What is the units digit of r(19)?
2
Let b = 28 + 26. What is the tens digit of b?
5
Suppose -4*s + 140 = s. What is the tens digit of s?
2
Let w(s) = s**3 + 1. Suppose -2 = 2*z - 0. Let r be w(z). Suppose r = -4*u - 5 + 41. What is the units digit of u?
9
Let i(c) = -c**3 + 9*c**2 - 7*c + 11. What is the tens digit of i(8)?
1
Suppose 19 = 5*y - 5*z - 436, -360 = -4*y + 3*z. What is the units digit of y?
7
Let p be 68/16 + 1/(-4). Suppose -3*r + 27 = -0*r. Suppose -2*g + z - p*z = -r, 5*z = -4*g + 21. What is the units digit of g?
9
Let r(s) be the third derivative of s**4/24 + s**3/2 + 4*s**2. Let y(o) = o - 3. Let k be y(3). What is the units digit of r(k)?
3
Let h(q) = -2*q - 5. Suppose -20 = 4*w, 23 = -5*n + w - 42. What is the tens digit of h(n)?
2
What is the tens digit of ((-348)/(-6))/((-2)/(-4))?
1
Let r be (14/8)/((-1)/4). Let k = 4 + r. What is the units digit of -1*7/(k - -2)?
7
Let i be ((-1044)/24)/(6/(-8)). Suppose 4*o + 2*h - i = 0, o + 3*o = h + 49. What is the units digit of o?
3
Suppose -7*v = -0*v - 728. What is the units digit of v?
4
Suppose -k - 10 = 4*k. Let b = k + 5. Suppose 3*o = o - 5*j + 4, -2*o = b*j - 12. What is the tens digit of o?
1
Suppose 35*d - 1416 = 29*d. What is the tens digit of d?
3
Let b(j) = j**2 - 6*j + 7. What is the units digit of b(11)?
2
Let f be (26/(-1))/(-3 - -2). Let l = -17 + f. What is the units digit of l?
9
Let n(u) = -10*u**3 - 3*u**2 - 3*u - 3. Let a be n(-3). Suppose -81 = 4*b - a. What is the tens digit of b?
4
Let n(u) = u + 7. Let d be n(-3). Suppose -4*b - g + 211 = 0, 5*b - b - 214 = -2*g. Suppose 6*x = 5*z + x - 55, -d*x = 4*z - b. What is the units digit of z?
2
Suppose 40 = -0*c - 4*c. Let i be (c/(-25))/